{"id":7650,"date":"2024-08-27T12:55:16","date_gmt":"2024-08-27T10:55:16","guid":{"rendered":"https:\/\/mesguides.info\/test-yetinnov\/?page_id=7650"},"modified":"2024-09-09T10:53:15","modified_gmt":"2024-09-09T08:53:15","slug":"lentrepreneuriat","status":"publish","type":"page","link":"https:\/\/mesguides.info\/test-yetinnov\/lentrepreneuriat\/","title":{"rendered":"L\u2019Entrepreneuriat"},"content":{"rendered":"\t\t<div data-elementor-type=\"wp-page\" data-elementor-id=\"7650\" class=\"elementor elementor-7650\">\n\t\t\t\t\t\t<section class=\"elementor-section elementor-top-section elementor-element elementor-element-7a422d2 elementor-section-boxed elementor-section-height-default elementor-section-height-default\" data-id=\"7a422d2\" data-element_type=\"section\" data-settings=\"{&quot;background_background&quot;:&quot;classic&quot;,&quot;_ha_eqh_enable&quot;:false}\">\n\t\t\t\t\t\t<div class=\"elementor-container elementor-column-gap-default\">\n\t\t\t\t\t<div class=\"elementor-column elementor-col-100 elementor-top-column elementor-element elementor-element-9a477a4\" data-id=\"9a477a4\" data-element_type=\"column\">\n\t\t\t<div class=\"elementor-widget-wrap elementor-element-populated\">\n\t\t\t\t\t\t<section class=\"elementor-section elementor-inner-section elementor-element elementor-element-681fa11 elementor-section-full_width elementor-section-height-default elementor-section-height-default\" data-id=\"681fa11\" data-element_type=\"section\" data-settings=\"{&quot;_ha_eqh_enable&quot;:false}\">\n\t\t\t\t\t\t<div class=\"elementor-container elementor-column-gap-no\">\n\t\t\t\t\t<div class=\"elementor-column elementor-col-100 elementor-inner-column elementor-element elementor-element-5462ff4\" data-id=\"5462ff4\" data-element_type=\"column\">\n\t\t\t<div class=\"elementor-widget-wrap elementor-element-populated\">\n\t\t\t\t\t\t<div class=\"elementor-element elementor-element-b124191 elementor-invisible elementor-widget elementor-widget-elementskit-heading\" data-id=\"b124191\" data-element_type=\"widget\" data-settings=\"{&quot;_animation&quot;:&quot;fadeInUp&quot;}\" data-widget_type=\"elementskit-heading.default\">\n\t\t\t\t<div class=\"elementor-widget-container\">\n\t\t\t<div class=\"ekit-wid-con\" ><div class=\"ekit-heading elementskit-section-title-wraper center   ekit_heading_tablet-   ekit_heading_mobile-\"><h2 class=\"ekit-heading--title elementskit-section-title \">L\u2019Entrepreneuriat<\/h2><div class=\"ekit_heading_separetor_wraper ekit_heading_elementskit-border-divider\"><div class=\"elementskit-border-divider\"><\/div><\/div>\t\t\t\t<div class='ekit-heading__description'>\n\t\t\t\t\t<p>Embarquez dans notre formation en entrepreneuriat, con\u00e7ue pour les visionnaires et les ambitieux souhaitant transformer leurs id\u00e9es en entreprises prosp\u00e8res. <\/p>\n\t\t\t\t<\/div>\n\t\t\t<\/div><\/div>\t\t<\/div>\n\t\t\t\t<\/div>\n\t\t\t\t<div class=\"elementor-element elementor-element-0141a5c elementor-widget elementor-widget-elementskit-simple-tab\" data-id=\"0141a5c\" data-element_type=\"widget\" data-widget_type=\"elementskit-simple-tab.default\">\n\t\t\t\t<div class=\"elementor-widget-container\">\n\t\t\t<div class=\"ekit-wid-con\" >        <div class=\"elementkit-tab-wraper   elementskit-fitcontent-tab \">\n            <ul class=\"nav nav-tabs elementkit-tab-nav  elementskit_tooltip_style elementskit_tooltip_style\">\n                                    <li class=\"elementkit-nav-item elementor-repeater-item-e7fb3c4\">\n                        <a class=\"elementkit-nav-link  active show left-pos\" id=\"content-e7fb3c469de2d4534fe1-tab\" data-ekit-handler-id=\"pourquoi-se-former-l-entrepreneuriat-\" data-ekit-toggle=\"tab\" data-target=\"#content-e7fb3c469de2d4534fe1\" href=\"#Content-e7fb3c469de2d4534fe1\"\n                            data-ekit-toggle-trigger=\"click\"\n                            aria-describedby=\"Content-e7fb3c469de2d4534fe1\">\n                            <span class=\" elementskit-tab-icon\"><\/span>                            <span class=\"elementskit-tab-title\"> Pourquoi se former \u00e0 l\u2019entrepreneuriat ? <\/span>\n                        <\/a>\n                    <\/li>\n                                        <li class=\"elementkit-nav-item elementor-repeater-item-9077dfd\">\n                        <a class=\"elementkit-nav-link  left-pos\" id=\"content-9077dfd69de2d4534fe1-tab\" data-ekit-handler-id=\"cibles\" data-ekit-toggle=\"tab\" data-target=\"#content-9077dfd69de2d4534fe1\" href=\"#Content-9077dfd69de2d4534fe1\"\n                            data-ekit-toggle-trigger=\"click\"\n                            aria-describedby=\"Content-9077dfd69de2d4534fe1\">\n                            <span class=\" elementskit-tab-icon\"><\/span>                            <span class=\"elementskit-tab-title\"> Cibles<\/span>\n                        <\/a>\n                    <\/li>\n                                        <li class=\"elementkit-nav-item elementor-repeater-item-8ccf88b\">\n                        <a class=\"elementkit-nav-link  left-pos\" id=\"content-8ccf88b69de2d4534fe1-tab\" data-ekit-handler-id=\"-programme-de-formation-\" data-ekit-toggle=\"tab\" data-target=\"#content-8ccf88b69de2d4534fe1\" href=\"#Content-8ccf88b69de2d4534fe1\"\n                            data-ekit-toggle-trigger=\"click\"\n                            aria-describedby=\"Content-8ccf88b69de2d4534fe1\">\n                            <span class=\" elementskit-tab-icon\"><\/span>                            <span class=\"elementskit-tab-title\">  Programme de formation <\/span>\n                        <\/a>\n                    <\/li>\n                                        <li class=\"elementkit-nav-item elementor-repeater-item-3096e7d\">\n                        <a class=\"elementkit-nav-link  left-pos\" id=\"content-3096e7d69de2d4534fe1-tab\" data-ekit-handler-id=\"objectifs-de-la-formation-\" data-ekit-toggle=\"tab\" data-target=\"#content-3096e7d69de2d4534fe1\" href=\"#Content-3096e7d69de2d4534fe1\"\n                            data-ekit-toggle-trigger=\"click\"\n                            aria-describedby=\"Content-3096e7d69de2d4534fe1\">\n                            <span class=\" elementskit-tab-icon\"><\/span>                            <span class=\"elementskit-tab-title\"> Objectifs de la formation <\/span>\n                        <\/a>\n                    <\/li>\n                                        <li class=\"elementkit-nav-item elementor-repeater-item-00f52ae\">\n                        <a class=\"elementkit-nav-link  left-pos\" id=\"content-00f52ae69de2d4534fe1-tab\" data-ekit-handler-id=\"objectifs-p-dagogiques-\" data-ekit-toggle=\"tab\" data-target=\"#content-00f52ae69de2d4534fe1\" href=\"#Content-00f52ae69de2d4534fe1\"\n                            data-ekit-toggle-trigger=\"click\"\n                            aria-describedby=\"Content-00f52ae69de2d4534fe1\">\n                            <span class=\" elementskit-tab-icon\"><\/span>                            <span class=\"elementskit-tab-title\"> Objectifs p\u00e9dagogiques <\/span>\n                        <\/a>\n                    <\/li>\n                                <\/ul>\n\n            <div class=\"tab-content elementkit-tab-content\">\n                                    <div class=\"tab-pane elementkit-tab-pane elementor-repeater-item-e7fb3c4  active show\" id=\"content-e7fb3c469de2d4534fe1\" role=\"tabpanel\"\n                         aria-labelledby=\"content-e7fb3c469de2d4534fe1-tab\">\n                        <div class=\"animated fadeIn\">\n                            L&#8217;entrepreneuriat incarne l&#8217;esprit d&#8217;innovation et la capacit\u00e9 \u00e0 transformer les id\u00e9es en actions concr\u00e8tes. Se former en entrepreneuriat offre non seulement les connaissances essentielles pour d\u00e9marrer et g\u00e9rer une entreprise, mais aussi les comp\u00e9tences strat\u00e9giques n\u00e9cessaires pour naviguer dans un environnement \u00e9conomique dynamique. Cette formation vous pr\u00e9pare \u00e0 identifier des opportunit\u00e9s, \u00e0 d\u00e9velopper des plans d&#8217;affaires solides et \u00e0 surmonter les d\u00e9fis inh\u00e9rents \u00e0 la cr\u00e9ation et \u00e0 la croissance d&#8217;une entreprise. Rejoignez-nous pour explorer comment transformer votre vision entrepreneuriale en r\u00e9alit\u00e9 commerciale prosp\u00e8re.\n                        <\/div>\n                    <\/div>\n                                    <div class=\"tab-pane elementkit-tab-pane elementor-repeater-item-9077dfd \" id=\"content-9077dfd69de2d4534fe1\" role=\"tabpanel\"\n                         aria-labelledby=\"content-9077dfd69de2d4534fe1-tab\">\n                        <div class=\"animated fadeIn\">\n                            <p style=\"text-align: center; font-size: 20px; margin-bottom: 40px;\"><strong>A quel public cette formation s\u2019adresse-t-elle?<\/strong><\/p>\n\n<p><i class=\"fa fa-check\" style=\"color: green;\"><\/i> Futurs Entrepreneurs,\n<\/p>\n<p><i class=\"fa fa-check\" style=\"color: green;\"><\/i> Jeunes Dipl\u00f4m\u00e9s,\n<\/p>\n\n<p><i class=\"fa fa-check\" style=\"color: green;\"><\/i> Professionnels en Reconversion,\n<\/p>\n\n<p><i class=\"fa fa-check\" style=\"color: green;\"><\/i> Chefs d&#8217;Entreprise,\n<\/p>\n\n<p><i class=\"fa fa-check\" style=\"color: green;\"><\/i> Innovateurs et Cr\u00e9ateurs,\n<\/p>\n\n<p><i class=\"fa fa-check\" style=\"color: green;\"><\/i> Cadres et Managers\u2026\n<\/p>\n\n\n<p style=\"text-align: center; color: red; font-size: 20px; margin-top: 40px;\">Aucun pr\u00e9requis n\u2019est n\u00e9cessaire.<\/p>                        <\/div>\n                    <\/div>\n                                    <div class=\"tab-pane elementkit-tab-pane elementor-repeater-item-8ccf88b \" id=\"content-8ccf88b69de2d4534fe1\" role=\"tabpanel\"\n                         aria-labelledby=\"content-8ccf88b69de2d4534fe1-tab\">\n                        <div class=\"animated fadeIn\">\n                            <p style=\"text-align: center; font-size: 20px; color: red; margin-bottom: 60px;\"><span style=\"color: #000;\">Dur\u00e9e de la Formation :<\/span> <i class=\"fa fa-calendar\" style=\"color: #576194;\"><\/i> 2 Jours<\/p>\n\n<h4>1-Fondations de l&#8217;Esprit Entrepreneurial\n<\/h4>\n<p><strong>Session 1: Introduction \u00e0 l&#8217;Entrepreneuriat\n<\/strong><\/p>\n\n<p><i class=\"fa fa-check\" style=\"color: green;\"><\/i> D\u00e9finition de l&#8217;entrepreneuriat et son r\u00f4le dans l&#8217;\u00e9conomie moderne\n<\/p>\n\n<p><i class=\"fa fa-check\" style=\"color: green;\"><\/i> Comp\u00e9tences cl\u00e9s de l&#8217;entrepreneur et mindset entrepreneurial\n<\/p>\n\n<p><strong>Session 2: D\u00e9veloppement d&#8217;Ideation Innovante\n<\/strong><\/p>\n\n<p><i class=\"fa fa-check\" style=\"color: green;\"><\/i> Techniques de cr\u00e9ativit\u00e9 pour la g\u00e9n\u00e9ration d&#8217;id\u00e9es novatrices\n<\/p>\n\n<p><i class=\"fa fa-check\" style=\"color: green;\"><\/i> M\u00e9thodes de validation rapide des id\u00e9es (prototypage rapide, tests utilisateur)\n<\/p>\n\n<p><strong>Session 3: Analyse de March\u00e9 et Identification des Besoins Clients\n<\/strong><\/p>\n\n<p><i class=\"fa fa-check\" style=\"color: green;\"><\/i> Techniques de recherche qualitative et quantitative sur le terrain<\/p>\n\n<p><i class=\"fa fa-check\" style=\"color: green;\"><\/i> Identification des segments de march\u00e9 et des personas\n<\/p>\n\n<p><strong>Session 4: Etude Technique et Planification des Ressources\n<\/strong><\/p>\n\n<p><i class=\"fa fa-check\" style=\"color: green;\"><\/i> Compr\u00e9hension des aspects techniques du projet\n<\/p>\n\n<p><i class=\"fa fa-check\" style=\"color: green;\"><\/i> Planification des besoins en ressources humaines et mat\u00e9rielles\n<\/p>\n\n\n<h4>2-Structuration et Lancement de l&#8217;Entreprise\n<\/h4>\n<p><strong>Session 5: Evaluation Financi\u00e8re et Planification\n<\/strong><\/p>\n\n<p><i class=\"fa fa-check\" style=\"color: green;\"><\/i> Techniques d&#8217;\u00e9valuation de la faisabilit\u00e9 financi\u00e8re du projet\n<\/p>\n\n<p><i class=\"fa fa-check\" style=\"color: green;\"><\/i> Elaboration de pr\u00e9visions financi\u00e8res et gestion des risques\n<\/p>\n\n<p><strong>Session 6: Formes Juridiques et Cadre R\u00e9glementaire\n<\/strong><\/p>\n\n<p><i class=\"fa fa-check\" style=\"color: green;\"><\/i> Diff\u00e9renciation des formes juridiques (SARL, SA, auto-entrepreneur)\n<\/p>\n\n<p><i class=\"fa fa-check\" style=\"color: green;\"><\/i> Compr\u00e9hension des obligations l\u00e9gales et fiscales pour chaque forme\n<\/p>\n\n<p><strong>Session 7: Elaboration du Business Model\n<\/strong><\/p>\n\n<p><i class=\"fa fa-check\" style=\"color: green;\"><\/i> Exploration des mod\u00e8les \u00e9conomiques (abonnement, freemium, marketplace)<\/p>\n\n<p><i class=\"fa fa-check\" style=\"color: green;\"><\/i> Adaptation du mod\u00e8le \u00e9conomique aux sp\u00e9cificit\u00e9s du projet\n<\/p>\n                        <\/div>\n                    <\/div>\n                                    <div class=\"tab-pane elementkit-tab-pane elementor-repeater-item-3096e7d \" id=\"content-3096e7d69de2d4534fe1\" role=\"tabpanel\"\n                         aria-labelledby=\"content-3096e7d69de2d4534fe1-tab\">\n                        <div class=\"animated fadeIn\">\n                            <p><i class=\"fa fa-check\" style=\"color: green;\"><\/i> Appr\u00e9hender l&#8217;Esprit Entrepreneurial et les Comp\u00e9tences N\u00e9cessaires\n<\/p>\n\n<p><i class=\"fa fa-check\" style=\"color: green;\"><\/i> G\u00e9n\u00e9rer des Id\u00e9es de Projets Innovants\n<\/p>\n\n<p><i class=\"fa fa-check\" style=\"color: green;\"><\/i> D\u00e9terminer les Besoins des Clients et Identifier les Acteurs du March\u00e9\n<\/p>\n\n<p><i class=\"fa fa-check\" style=\"color: green;\"><\/i> Ma\u00eetriser les M\u00e9thodes de Recherche d&#8217;Informations Commerciales sur le Terrain<\/p>\n\n<p><i class=\"fa fa-check\" style=\"color: green;\"><\/i> Comprendre les Particularit\u00e9s de l&#8217;\u00c9tude Technique\n<\/p>\n\n<p><i class=\"fa fa-check\" style=\"color: green;\"><\/i> Planifier les Exigences en Ressources Humaines<\/p>\n\n<p><i class=\"fa fa-check\" style=\"color: green;\"><\/i> \u00c9valuer la Faisabilit\u00e9 Financi\u00e8re du Projet\n<\/p>\n\n<p><i class=\"fa fa-check\" style=\"color: green;\"><\/i> Diff\u00e9rencier les Formes Juridiques pour Cr\u00e9er une Entreprise<\/p>\n\n<p><i class=\"fa fa-check\" style=\"color: green;\"><\/i> \u00c9laborer un Plan d&#8217;Affaires\n<\/p>                        <\/div>\n                    <\/div>\n                                    <div class=\"tab-pane elementkit-tab-pane elementor-repeater-item-00f52ae \" id=\"content-00f52ae69de2d4534fe1\" role=\"tabpanel\"\n                         aria-labelledby=\"content-00f52ae69de2d4534fe1-tab\">\n                        <div class=\"animated fadeIn\">\n                            <p>Ce programme vise \u00e0 offrir une compr\u00e9hension approfondie des principes et des pratiques de l&#8217;entrepreneuriat, tout en int\u00e9grant des :\n<\/p>\n\n<p><i class=\"fa fa-check\" style=\"color: green;\"><\/i> Discussions Interactives,\n<\/p>\n\n<p><i class=\"fa fa-check\" style=\"color: green;\"><\/i> Etudes de cas,\n<\/p>\n\n<p><i class=\"fa fa-check\" style=\"color: green;\"><\/i> Ateliers pratiques,\n<\/p>\n\n<p><i class=\"fa fa-check\" style=\"color: green;\"><\/i> Travaux de groupe,\n<\/p>\n\n<p><i class=\"fa fa-check\" style=\"color: green;\"><\/i> Brainstorming\u2026\n<\/p>                        <\/div>\n                    <\/div>\n                            <\/div>\n        <\/div>\n    <\/div>\t\t<\/div>\n\t\t\t\t<\/div>\n\t\t\t\t\t<\/div>\n\t\t<\/div>\n\t\t\t\t\t<\/div>\n\t\t<\/section>\n\t\t\t\t\t<\/div>\n\t\t<\/div>\n\t\t\t\t\t<\/div>\n\t\t<\/section>\n\t\t\t\t<\/div>\n\t\t","protected":false},"excerpt":{"rendered":"<p>L\u2019Entrepreneuriat Embarquez dans notre formation en entrepreneuriat, con\u00e7ue pour les visionnaires et les ambitieux souhaitant transformer leurs id\u00e9es en entreprises prosp\u00e8res. Pourquoi se former \u00e0 l\u2019entrepreneuriat ? Cibles Programme de formation Objectifs de la formation Objectifs p\u00e9dagogiques L&#8217;entrepreneuriat incarne l&#8217;esprit d&#8217;innovation et la capacit\u00e9 \u00e0 transformer les id\u00e9es en actions [&hellip;]<\/p>\n","protected":false},"author":1,"featured_media":0,"parent":0,"menu_order":0,"comment_status":"closed","ping_status":"closed","template":"elementor_theme","meta":{"footnotes":""},"class_list":["post-7650","page","type-page","status-publish","hentry"],"_links":{"self":[{"href":"https:\/\/mesguides.info\/test-yetinnov\/wp-json\/wp\/v2\/pages\/7650"}],"collection":[{"href":"https:\/\/mesguides.info\/test-yetinnov\/wp-json\/wp\/v2\/pages"}],"about":[{"href":"https:\/\/mesguides.info\/test-yetinnov\/wp-json\/wp\/v2\/types\/page"}],"author":[{"embeddable":true,"href":"https:\/\/mesguides.info\/test-yetinnov\/wp-json\/wp\/v2\/users\/1"}],"replies":[{"embeddable":true,"href":"https:\/\/mesguides.info\/test-yetinnov\/wp-json\/wp\/v2\/comments?post=7650"}],"version-history":[{"count":10,"href":"https:\/\/mesguides.info\/test-yetinnov\/wp-json\/wp\/v2\/pages\/7650\/revisions"}],"predecessor-version":[{"id":8578,"href":"https:\/\/mesguides.info\/test-yetinnov\/wp-json\/wp\/v2\/pages\/7650\/revisions\/8578"}],"wp:attachment":[{"href":"https:\/\/mesguides.info\/test-yetinnov\/wp-json\/wp\/v2\/media?parent=7650"}],"curies":[{"name":"wp","href":"https:\/\/api.w.org\/{rel}","templated":true}]}}